
Let k(x) = -x**3 - 6*x**2 + 6*x + 26. Determine k(-2).
-2
Let f(b) = -8*b - 66. Give f(-10).
14
Let o(a) = a**3 + 15*a**2 - 2*a - 8. Determine o(-15).
22
Let c(i) = 28*i + 45. Give c(-3).
-39
Let a(v) = -17*v. What is a(-1)?
17
Let g(u) = -u**2 + 2*u + 13. Determine g(4).
5
Let o(i) = i**3 - 7*i**2 - 31*i - 2. Give o(10).
-12
Let g(x) = 32*x + 6. Calculate g(-3).
-90
Let i(x) = x**2 - 66*x + 925. What is i(20)?
5
Let c(y) = -5*y + 83. Calculate c(16).
3
Let p(h) = 10*h**2 - 1. Give p(1).
9
Let a(u) = -u**2 + 10*u - 5. Determine a(7).
16
Let l(u) = -u**3 + 12*u**2 + 3*u - 37. Give l(12).
-1
Let l(s) = -19*s - 343. Give l(-18).
-1
Let r(x) = -x**3 - 14*x**2 + 2*x + 32. Calculate r(-14).
4
Let c(r) = r**3 - 7*r**2 - 2*r + 3. Determine c(7).
-11
Let z(u) = u**2 + 10*u + 1. Calculate z(-10).
1
Let l(h) = 2*h**3 - 7*h**2 - h + 6. Give l(5).
76
Let l(i) = i**3 + 9*i**2 + 5*i - 3. Give l(-8).
21
Let w(r) = -r**3 - 2*r**2 + r + 2. Calculate w(2).
-12
Let y(w) = -w**2 + 25*w - 159. What is y(13)?
-3
Let n(k) = k**3 - 7*k**2 + 6*k + 1. What is n(6)?
1
Let p(z) = -3*z**2 + 4*z + 5. What is p(3)?
-10
Let s(j) = -5*j - 39. What is s(-6)?
-9
Let o(q) = q**3 + 11*q**2 + q + 8. What is o(-10)?
98
Let i(b) = 2*b**2 + 87*b + 42. What is i(-43)?
-1
Let l(v) = -v**3 - 3*v**2 - v - 1. Determine l(0).
-1
Let l(g) = g. Calculate l(6).
6
Let h(a) = a**2 - 15*a + 62. What is h(7)?
6
Let n(a) = 2*a + 15. Calculate n(-11).
-7
Let z(u) = 13*u - 247. Give z(18).
-13
Let o(f) = 3*f**2 - 5*f - 10. What is o(3)?
2
Let d(l) = -l**3 - 10*l**2 + 22*l - 19. Give d(-12).
5
Let z(u) = -4*u**2 + 18*u - 5. Calculate z(5).
-15
Let b(n) = -4*n - 12. Determine b(-5).
8
Let h(k) = -k**2 - 2*k + 32. Determine h(5).
-3
Let p(n) = -6*n + 39. Calculate p(9).
-15
Let y(w) = -w + 54. Give y(0).
54
Let u(x) = -x**3 + 11*x**2 - 5*x + 7. Calculate u(11).
-48
Let v(a) = -a**2 + 16*a - 47. Determine v(4).
1
Let n(w) = -10*w - 129. Give n(-12).
-9
Let v(t) = 2*t**2 + t + 12. Give v(0).
12
Let o(s) = -37*s + 66. Give o(2).
-8
Let r(z) = -2*z - 5. What is r(0)?
-5
Let u(n) = n**3 - 9*n**2 - 14*n - 103. Give u(11).
-15
Let i(t) = t**3 - 11*t**2 + 8*t - 15. Give i(10).
-35
Let d(o) = o**2 - 6*o + 3. Determine d(5).
-2
Let u(k) = 23*k**2 + 599*k + 32. Determine u(-26).
6
Let g(u) = -u**3 + 27*u**2 - 69*u - 50. Give g(24).
22
Let d(i) = 5*i + 15. What is d(-12)?
-45
Let o(l) = l**2 - 54*l + 718. What is o(31)?
5
Let c(g) = -21*g**3 - 4*g**2 + 5*g. What is c(2)?
-174
Let y(q) = -q**3 - 13*q**2 - 14*q + 23. Give y(-13).
205
Let w(o) = -3*o**2 - 15*o - 22. Calculate w(-7).
-64
Let f(a) = 3*a + 48. Calculate f(-15).
3
Let p(y) = -2*y**2 - 27*y + 39. Give p(-15).
-6
Let f(c) = 7*c - 18. Calculate f(0).
-18
Let t(n) = 2*n**2 - 18*n + 19. Determine t(8).
3
Let t(j) = -j**3 - 12*j**2 - 2*j - 19. Calculate t(-12).
5
Let m(u) = 7*u**2 - 2*u + 3. Calculate m(1).
8
Let j(a) = 5*a**2 - 8*a - 4. What is j(2)?
0
Let o(n) = n**3 - 22*n**2 - 21*n + 52. Determine o(23).
98
Let l(c) = 2*c + 29. What is l(-15)?
-1
Let y(j) = j**3 + 2*j**2 - 5*j - 6. Calculate y(-3).
0
Let k(y) = 4*y**3 - 11*y**2 + 2*y - 1. Give k(3).
14
Let r(n) = n**3 - 3*n**2 - 4*n + 6. Give r(3).
-6
Let x(c) = c**3 - 4*c**2 - c + 5. Determine x(3).
-7
Let t(g) = g**3 + g**2 + 2*g + 13. What is t(0)?
13
Let n(g) = -g**3 + 11*g**2 + 28*g - 24. Give n(13).
2
Let w(m) = m**2 + 5*m - 8. Give w(-7).
6
Let k(j) = -8*j - 3. Calculate k(-1).
5
Let l(a) = -12*a + 92. Give l(8).
-4
Let z(d) = -6*d - 16. Calculate z(10).
-76
Let k(a) = 24*a + 59. Calculate k(-5).
-61
Let c(n) = n**2 - 15*n - 28. What is c(13)?
-54
Let j(c) = 7*c + 8. Give j(-11).
-69
Let m(o) = -o**3 - 4*o**2 + 6*o + 5. Calculate m(-5).
0
Let p(f) = f**2 + 2*f + 3. What is p(1)?
6
Let b(n) = -n**2 - 16*n + 10. What is b(-13)?
49
Let o(c) = -3*c**3 - c**2 + 5*c - 5. What is o(2)?
-23
Let h(a) = -a**3 + 6*a**2 + a + 1. Determine h(7).
-41
Let b(s) = s**2 + 8*s + 8. What is b(-6)?
-4
Let y(o) = -6*o + 31. Give y(8).
-17
Let p(x) = x**3 + x - 6. Calculate p(2).
4
Let y(c) = c**3 - 8*c**2 - 13*c + 10. What is y(9)?
-26
Let k(f) = f**2 + 4*f - 9. What is k(-6)?
3
Let o(b) = -5*b**2 - 11*b + 9. Calculate o(-3).
-3
Let b(m) = 15*m**2 - 91*m - 6. Determine b(6).
-12
Let x(t) = -t**3 + 10*t**2 + 9*t + 3. Give x(11).
-19
Let k(o) = -o**3 + 8*o**2 + 18*o + 24. Calculate k(10).
4
Let m(h) = -h**2 + 15*h + 10. What is m(16)?
-6
Let n(w) = -3*w + 20. What is n(8)?
-4
Let r(d) = -d + 14. What is r(6)?
8
Let u(h) = -2*h + 9. Determine u(2).
5
Let i(q) = 2*q**2 - 27*q - 10. Calculate i(13).
-23
Let w(u) = 5*u - 25. Calculate w(4).
-5
Let w(x) = -32*x - 10. Calculate w(2).
-74
Let o(v) = -2*v**2 - 22*v + 39. Calculate o(-14).
-45
Let y(c) = c**2 + 7*c - 7. Determine y(-5).
-17
Let j(b) = -b**3 - 3*b + 1. Calculate j(2).
-13
Let q(w) = w**3 + 14*w**2 + 12*w - 3. Determine q(-13).
10
Let u(y) = -y**3 + y**2 + y + 10. Give u(3).
-5
Let r(c) = 13*c**2 + c + 1. What is r(-1)?
13
Let y(n) = 3*n + 5. Determine y(0).
5
Let l(x) = -7*x + 119. Give l(17).
0
Let r(q) = 2*q + 38. Give r(-13).
12
Let r(z) = 5*z**2 + z + 1. What is r(-2)?
19
Let u(z) = 7*z - 8. Calculate u(2).
6
Let i(m) = m**3 + 5*m**2 - 4*m - 28. What is i(-5)?
-8
Let x(h) = -h**3 - 11*h**2 - 7*h + 8. Calculate x(-10).
-22
Let r(l) = -2*l + 20. What is r(7)?
6
Let j(n) = -n - 1. Determine j(-9).
8
Let y(k) = -k**2 + 15*k - 5. What is y(14)?
9
Let n(y) = 8*y - 15. Determine n(5).
25
Let s(a) = -a**2 - 16*a - 39. Calculate s(-14).
-11
Let q(o) = 2*o**2 - 4*o - 2. Calculate q(-4).
46
Let m(j) = 4*j**2 + j + 1. Determine m(1).
6
Let q(m) = -m**3 + 9*m**2 + 34*m + 7. Calculate q(12).
-17
Let w(m) = m**2 + 13*m + 8. Give w(-9).
-28
Let j(g) = -g**2 + 5*g + 9. Calculate j(7).
-5
Let y(t) = -t**3 + 12*t**2 + t - 1. Calculate y(12).
11
Let r(y) = y**2 - 18. Calculate r(6).
18
Let m(l) = -l**2 + 7*l + 9. Calculate m(9).
-9
Let a(y) = 5*y**2 - y - 1. What is a(-2)?
21
Let y(q) = -10*q - 2. Give y(3).
-32
Let o(p) = -p**3 + 20*p**2 - 5*p + 27. Calculate o(20).
-73
Let r(i) = -2*i - 11. Give r(-10).
9
Let j(k) = k + 1. Calculate j(-10).
-9
Let y(f) = 5*f**3 - f**2 + f - 2. Calculate y(1).
3
Let b(o) = -22*o + 23. What is b(5)?
-87
Let t(m) = 2*m**2 - 14*m + 3. Give t(7).
3
Let p(m) = -m**3 + 8*m**2 + 18*m + 6. Determine p(10).
-14
Let g(w) = w**3 - 12*w**2 - 9*w + 23. What is g(13)?
75
Let c(i) = 9*i + 4. Give c(-6).
-50
Let s(f) = -2*f**2 + 6*f - 11. Calculate s(5).
-31
Let r(h) = h**3 - 18*h**2 + 18*h + 13. Determine r(17).
30
Let t(o) = -o - 9. Determine t(10).
-19
Let f(o) = -o**3 + 2*o**2 - o + 3. Determine f(2).
1
Let c(a) = 7*a**2 - 9*a + 1. Calculate c(2).
11
Let x(g) = g**3 + 15*g**2 + 14*g + 5. Calculate x(-14).
5
Let r(i) = i**2 - 20*i + 25. Give r(19).
6
Let m(b) = -10*b - 74. Give m(-7).
-4
Let r(q) = -24*q + 165. Calculate r(7).
-3
Let y(j) = j**2 + 3*j - 13. What is y(-6)?
5
Let a(i) = -6*i**3 - i**2 - 4*i + 5. Calculate a(1).
-6
Let v(p) = -p**2 + 5. Determine v(3).
-4
Let w(d) = -d**3 + 35*d**2 - 41*d + 242. Give w(34).
4
Let m(c) = -4*c - 100. Determine m(-24).
-4
Let o(m) = m**2 - 20*m + 19. Calculate o(10).
-81
Let q(l) = l**3 - 6*l**2 - 16*l + 22. Give q(8).
22
Let f(x) = x**3 - x**2 + 4. Calculate f(0).
4
Let s(n) = n**3 - 43*n**2 - 12*n + 515. Calculate s(43).
-1
Let p(r) = -r**3 - 10*r**2 - 16*r + 3. What is p(-3)?
-12
Let c(u) = -6*u + 12. Calculate c(5).
-18
Let a(l) = 8*l**2 - 31*l - 5. Determine a(5).
40
Let y(u) = 3*u - 37. Determine y(11).
-4
Let l(i) = i + 8. Determine l(-13).
-5
Let k(x) = -8*x + 17. Determine k(-8).
81
Let h(u) = -u**2 + 8*u + 31. Determine h(11).
-2
Let a(t) = 2*t**2 - 8*t - 6. Calculate a(6).
18
Let r(b) = b + 1. What is r(-6)?
-5
Let m(h) = -h + 4. What is m(2)?
2
Let i(t) = -t**3 + 16*t**2 + 23*t - 65. Give i(17).
37
Let s(u) = 3*u**2 + 2*u - 1. Determine s(-2).
7
Let p(l) = 3*l + 22. Give p(-9).
-5
Let o(h) = 58*h**2 - h - 1. What is o(1)?
56
Let b(y) = 4*y**2 + 10*y - 20. What is b(-6)?
64
Let o(f) = 4*f - 24. Give o(7).
4
Let j(b) = -b**2 + 52*b + 102. Give j(54).
-6
Let o(k) = -k**2 + 27*k - 64. What is o(24)?
8
Let m(o) = -3*o - 62. Determine m(-15).
-17
Let i(r) = 10*r + 61. Give i(-9).
-29
Let p(j) = j**3 - 7*j**2 - 16*j + 109. Give p(7).
-3
Let g(z) = z**2 - 11*z - 6. Determine g(5).
-36
Let c(z) = -2*z**3 - 3